ivisor of 44 and 1284272.
44
What is the greatest common divisor of 155210 and 160820?
1870
Calculate the greatest common divisor of 2352 and 2747724.
588
What is the highest common divisor of 325192 and 24?
8
What is the highest common divisor of 216432 and 312?
24
Calculate the greatest common factor of 534 and 336954.
534
Calculate the greatest common divisor of 10900 and 147586.
218
Calculate the greatest common factor of 6517 and 6384.
133
What is the greatest common factor of 699268 and 236?
236
Calculate the greatest common factor of 17995 and 112240.
305
Calculate the highest common divisor of 1057522 and 458.
458
What is the highest common divisor of 16234 and 68?
2
What is the greatest common divisor of 131142 and 44?
22
Calculate the highest common divisor of 19 and 1824.
19
What is the greatest common factor of 4150 and 3?
1
Calculate the greatest common factor of 207416 and 4.
4
Calculate the highest common factor of 330957 and 9.
9
What is the greatest common factor of 1336908 and 36?
12
What is the greatest common divisor of 182 and 963937?
13
Calculate the highest common factor of 1968 and 8036.
164
What is the greatest common factor of 69 and 64929?
69
Calculate the highest common divisor of 259455 and 75.
15
Calculate the greatest common divisor of 107627 and 1547.
221
What is the greatest common divisor of 27322 and 57?
19
What is the greatest common divisor of 690527 and 10577?
1511
What is the highest common factor of 23520 and 22330?
70
What is the highest common divisor of 334 and 6725257?
167
What is the greatest common divisor of 336 and 604?
4
Calculate the greatest common factor of 12194 and 169778.
938
Calculate the greatest common divisor of 1286594 and 79.
79
Calculate the greatest common divisor of 17370 and 360.
90
What is the greatest common divisor of 792 and 771111?
99
Calculate the highest common factor of 762 and 1687449.
381
What is the greatest common divisor of 35 and 424?
1
What is the highest common divisor of 109680 and 285?
15
What is the greatest common factor of 464 and 868463?
29
What is the highest common factor of 126 and 364986?
18
What is the highest common factor of 206 and 132046?
206
What is the highest common divisor of 2023 and 1274201?
289
What is the greatest common divisor of 470 and 2914?
94
What is the greatest common factor of 20 and 1044?
4
What is the highest common factor of 288 and 1233?
9
What is the greatest common factor of 34 and 4658?
34
What is the greatest common divisor of 2472 and 466590?
618
What is the greatest common divisor of 216 and 350514?
54
What is the highest common factor of 8798 and 18338?
106
Calculate the greatest common factor of 1962 and 162.
18
What is the highest common factor of 108410 and 296?
74
What is the greatest common factor of 38 and 1289606?
38
What is the highest common factor of 342 and 17366?
38
Calculate the greatest common factor of 1 and 3049.
1
What is the greatest common factor of 9 and 11148?
3
Calculate the highest common divisor of 1920 and 19710.
30
What is the greatest common divisor of 63 and 750?
3
What is the greatest common divisor of 2241 and 581?
83
What is the greatest common divisor of 25622 and 2438?
46
Calculate the highest common factor of 639 and 1207.
71
Calculate the highest common divisor of 2230 and 890662.
446
Calculate the highest common divisor of 11031939 and 186.
93
What is the greatest common divisor of 3080 and 13783?
77
What is the greatest common factor of 1519182 and 84?
42
What is the highest common factor of 186306 and 60?
6
Calculate the highest common divisor of 799 and 40987.
17
What is the highest common factor of 7208 and 637007?
901
What is the greatest common factor of 3621570 and 40?
10
Calculate the greatest common factor of 468 and 2713698.
234
Calculate the highest common divisor of 171 and 382158.
9
Calculate the greatest common factor of 216 and 462834.
54
Calculate the highest common divisor of 41 and 533.
41
Calculate the greatest common divisor of 395320 and 296.
8
What is the greatest common divisor of 99 and 491931?
99
Calculate the greatest common divisor of 197446 and 8074.
734
What is the highest common divisor of 287048 and 2332?
212
Calculate the greatest common factor of 28007 and 21.
7
What is the highest common factor of 220 and 228250?
110
Calculate the highest common factor of 1030304 and 176.
176
Calculate the highest common divisor of 446865 and 15.
15
What is the highest common divisor of 1632 and 28356?
204
What is the highest common factor of 60 and 2359950?
30
Calculate the highest common factor of 306 and 809370.
306
What is the highest common factor of 6039 and 1611?
9
What is the highest common divisor of 35 and 27279?
7
Calculate the greatest common factor of 791 and 13272.
7
Calculate the highest common divisor of 768 and 356112.
48
What is the highest common divisor of 92670 and 1470?
30
Calculate the highest common divisor of 36492 and 180.
12
Calculate the highest common factor of 36345 and 15.
15
What is the highest common factor of 396 and 34551?
99
Calculate the highest common factor of 4776 and 3188.
4
Calculate the greatest common factor of 1313 and 533.
13
Calculate the greatest common factor of 2646 and 138726.
378
Calculate the highest common divisor of 7 and 15519.
7
What is the highest common divisor of 1344 and 33936?
336
What is the greatest common divisor of 364057 and 371?
53
What is the greatest common factor of 27 and 171486?
9
What is the greatest common divisor of 70576 and 528?
176
Calculate the greatest common factor of 228 and 783888.
12
What is the highest common divisor of 7065 and 30?
15
What is the greatest common divisor of 95323 and 261?
29
What is the highest common factor of 765 and 53125?
85
What is the greatest common factor of 55432 and 936?
104
What is the greatest common factor of 25109 and 425?
17
Calculate the greatest common factor of 75782 and 56.
14
What is the highest common divisor of 157832 and 18312?
872
Calculate the highest common factor of 136 and 780232.
136
Calculate the highest common divisor of 3626 and 2146.
74
Calculate the highest common factor of 9330 and 330.
30
What is the highest common divisor of 2958 and 82059?
51
Calculate the highest common factor of 86400 and 19170.
270
What is the greatest common factor of 39998 and 182?
14
What is the highest common divisor of 957 and 43413?
87
What is the highest common divisor of 76429 and 920?
23
What is the highest common divisor of 916968 and 39?
39
Calculate the greatest common factor of 47571 and 39093.
471
Calculate the highest common divisor of 40 and 34390.
10
What is the greatest common divisor of 2127 and 145?
1
What is the greatest common factor of 52 and 368212?
52
What is the highest common factor of 13087 and 9706?
23
Calculate the greatest common factor of 11499 and 15.
3
Calculate the greatest common divisor of 50373 and 965.
193
What is the greatest common divisor of 1482 and 6383?
13
What is the highest common factor of 44745 and 428610?
2355
Calculate the greatest common divisor of 882 and 1254.
6
Calculate the greatest common factor of 402 and 202206.
402
Calculate the highest common factor of 21160 and 1564.
92
What is the greatest common factor of 128849 and 932?
233
Calculate the highest common divisor of 38898 and 8.
2
Calculate the greatest common factor of 104 and 88439.
13
Calculate the greatest common divisor of 144795 and 8820.
735
Calculate the highest common divisor of 53497 and 61.
61
What is the greatest common factor of 3951 and 5943621?
1317
Calculate the highest common factor of 93 and 207979.
31
What is the highest common divisor of 24573 and 42?
3
What is the greatest common factor of 1175 and 70171?
47
What is the greatest common divisor of 2226 and 1247302?
742
What is the highest common divisor of 73852 and 4491?
499
What is the greatest common factor of 34 and 46257?
17
Calculate the greatest common divisor of 522 and 73341.
261
Calculate the highest common factor of 12201 and 25149.
249
Calculate the highest common divisor of 67984 and 434.
14
Calculate the greatest common divisor of 30998 and 17842.
22
What is the highest common divisor of 7 and 8575?
7
Calculate the greatest common factor of 74 and 390868.
74
Calc